7)/(-9) - (-4 - (-32)/6). Let h = q + 2886. Is h a composite number?
False
Suppose 4*f - 9391 = -0*k - 3*k, -2*f - 2*k = -4698. Suppose 2*o - 2032 = -2*r, 0*r - 2*r = 3*o - 3044. Suppose -4*n + f + o = 0. Is n prime?
True
Suppose 435645 = 22*y - 785377. Suppose y = 5*v + 4*m, 3*v + 5*m - 33298 = -0*m. Is v composite?
True
Suppose 0 = 703*f - 766*f + 9922941. Is f composite?
True
Let v be -1 + (-2)/(-1) + -2. Suppose -10*w = -7*w - s + 12983, 3*s = w + 4341. Is (v/3)/(2/w) prime?
False
Suppose -6*z + 6108 = -2622. Let b = z + 299. Is b composite?
True
Suppose -40*l - 275 = -51*l. Suppose 17*n + 35128 = l*n. Is n a prime number?
True
Suppose 7935585 = 5*z + 5*t, -5*z + 7935593 = 18*t - 17*t. Is z prime?
False
Is (-2)/(-10) - (10/(-12) - (-34337508)/(-360)) prime?
True
Suppose -24*c - 11502 = 4*p - 22*c, 0 = 2*p + 4*c + 5754. Let y = 34758 + p. Is y a composite number?
False
Let z(y) = -10*y**3 - 53*y**2 + 340*y + 94. Is z(-37) a composite number?
True
Suppose -2*h - 11 = 1, 0 = -4*b - 3*h + 2936374. Is b a composite number?
True
Let n(h) = 3*h**3 + 6*h**2 + 6*h + 4. Let l be n(-2). Is 2 + l/(-4) - -8175 a prime number?
True
Suppose -490 = -19*l + 1087. Let x(y) = -7*y + 3. Let w be x(5). Let p = w + l. Is p prime?
False
Let l be (35/14)/(-1*(-1)/29466). Suppose 5*m - v = l, 5*v = m + m - 29466. Is (-2 + 1)/((-3)/(m/3)) composite?
False
Is 3/(-9)*(-3)/(-8) + 139384986/3152 a prime number?
True
Let z(n) be the first derivative of -2*n + 1/2*n**2 + 18*n**3 - 14. Is z(1) a prime number?
True
Suppose 7*u = -899170 + 5922461. Is u a composite number?
True
Let i be (0 + 1*-2)/(28/70). Let s(l) = 8*l - 18. Let q be s(i). Let x = 97 + q. Is x a prime number?
False
Suppose 67*t - 12 = 64*t. Suppose -2*d = 2, -4*d = t*n - 5*d - 5925. Is n a prime number?
True
Let b be 2/(-12)*547 - 85/(-510). Is b/65 + 4/10 + 37782 a prime number?
True
Suppose -52*o - 63 = -59*o. Is (-3 - (-948)/o)*15 composite?
True
Let x = -42 + -16. Let t = -43 - x. Suppose -10*s = -t*s + 4855. Is s prime?
True
Let j be (3 - 0)/((-15)/75). Let s(a) = -7 + 20*a - 89*a + 29. Is s(j) composite?
True
Let l(u) = 0*u**2 - 5*u**2 - 68*u - 3 - 609*u**3 + 62*u. Is l(-2) a composite number?
False
Suppose -55200 = -5*v - 0*v - 2*l, -5*v = -3*l - 55175. Suppose 7*t - v = 5*t. Is t composite?
False
Let t(c) = -3*c - 19. Let v be t(-4). Is (2/4)/(v/(-114053 + -5)) composite?
False
Suppose 2052840 + 3892940 = -1397*y + 1417*y. Is y prime?
True
Suppose -5*m - 8 = 7. Let n(v) be the second derivative of -109*v**3/6 + 5*v**2 - 6*v. Is n(m) a composite number?
False
Let h(m) = 178301*m**2 - 2*m. Let f be h(1). Suppose 0 = -34*p + 25*p + f. Is p prime?
False
Suppose -12*d = -55 - 53. Suppose 6*r + d*r = 25545. Is r a composite number?
True
Suppose -220*s + 103*s = -68526666. Is s a prime number?
False
Let f = 1660 + 671. Suppose 12*p - f - 5997 = 0. Is p a prime number?
False
Is (-4124838)/(-2) + ((-1416)/531)/(1/3) a composite number?
True
Suppose 4*t = 3*v + 52, -t - 4*v + 0 = -32. Suppose 17*d - 406461 = -t*d. Is d prime?
False
Let a(h) = 218*h**2 - 137*h - 3770. Is a(-23) prime?
False
Let x = 11634 - -359783. Is x composite?
False
Let r = -99 - -108. Let u(s) = 7*s**3 - 13*s**2 + 15*s + 20. Let y(k) = -k**3 - k**2 - k. Let i(f) = -u(f) - 6*y(f). Is i(r) prime?
True
Suppose -2*t = 3*j + 16 - 6, 4*t = -4*j - 12. Is 667 + t*(-10 + 5) composite?
True
Let s = -42106 + 71327. Is s a prime number?
True
Let w = -145 - -145. Suppose w*j = j - 1477. Is j a composite number?
True
Suppose 1301*x = 1154*x + 25756017. Is x a prime number?
True
Let m(f) be the first derivative of 1009*f**2 - 65*f - 152. Is m(12) a composite number?
False
Suppose -3*v + 718992 = 2*k - 200925, -5*v - k = -1533202. Is v a composite number?
True
Suppose 69*d - 15 = 72*d. Let p(s) = 134*s**2 - 33*s - 24. Is p(d) a composite number?
False
Suppose -j + 238634 + 84068 = d, 5*j + 3*d - 1613524 = 0. Is j a prime number?
True
Let r(k) = 3*k - 10. Suppose -19 = -3*f + 2. Let u be r(f). Suppose 3*i + 456 = u*i. Is i composite?
True
Is (2/10)/(24/9013080) a composite number?
False
Let x be (3 - 1) + 331 + (-2 - -3). Let r = 1173 - x. Is r composite?
False
Suppose -7*j + 956197 = -1103182. Is j a prime number?
False
Let y(d) = -160*d**2 - 13*d + 32. Let t(r) = -r - 1. Let m(f) = t(f) - y(f). Is m(-5) composite?
False
Let v = -62817 - -105854. Is v a prime number?
True
Suppose -178 = -10*d + 52. Is -2*(-41362)/8*(d - 21) a composite number?
False
Is 4/10*(-325687830)/(-156) a prime number?
True
Let m = 8849 - -2096. Suppose 3*y = 2*l - y + 5470, 4*l - 3*y + m = 0. Let q = l + 4014. Is q prime?
True
Let c = 113986 + 37056. Is c prime?
False
Let m(v) be the second derivative of 0 - 29/2*v**2 + 118/3*v**3 + 15*v. Is m(5) composite?
False
Let p(n) = 183*n**3 + 12*n**2 - 39*n - 115. Is p(18) composite?
True
Suppose -21*t + 122286 = -102855. Suppose -5*w + 11118 - 3858 = 0. Suppose -4*i + w = 5*j - t, 4*i = -12. Is j a composite number?
False
Suppose 0 = -5*c - 20, -9 + 135 = u + c. Suppose 0 = 2*z - u - 252. Is z prime?
True
Let f(a) be the second derivative of 587*a**4/12 + 5*a**3/6 + 5*a**2/2 + 106*a. Suppose 2 = 3*y + 5. Is f(y) composite?
False
Let t(g) = -3*g**3 + 6*g**2 + 3*g + 1. Suppose 0 = -3*p - 0*p + 4*r + 16, 15 = 3*p - 3*r. Suppose -13*f - 18 = -p*f. Is t(f) prime?
True
Let i be (4/6)/(1*1/1989). Let l be 50/(-125) - i/10. Let x = 464 + l. Is x a prime number?
True
Let c(u) = -27*u**3 - 137*u**2 + 5*u. Is c(-7) a composite number?
True
Let v = 35156 - 10295. Is v composite?
True
Let o(k) = 941*k**2 - 2004*k + 11. Is o(-10) composite?
True
Is ((-5 - 126129) + -9)*(5 + -6) prime?
True
Let p be ((-12)/(-36))/((-2)/(-32958)). Suppose -4*t = 3*w - 2*w - 10991, 2*t + w - p = 0. Is t prime?
True
Let g = 34 + -31. Suppose r - g*t - 2 = 0, 0 = -4*r - 0*r - t + 21. Suppose -1154 = -4*v + r*d + 718, 2*d + 471 = v. Is v composite?
False
Suppose 2*s + 342615 = 5*o, 115*o - 118*o - 2*s + 205553 = 0. Is o prime?
True
Let b(x) be the second derivative of -63*x**5/20 - x**3/3 + 3*x**2 - 48*x. Let c be b(-3). Let r = 3874 - c. Is r a prime number?
True
Let k(p) = 489*p**2 + p - 1. Let a be (-2490)/60 - ((-2)/(-4) + 0). Let b = a + 41. Is k(b) composite?
False
Suppose -4*m = 3*x + 20, m + 53 = -7*x - 27. Let c(f) = -3 + 22*f + 30 + 9*f - 9*f**2 - f**3. Is c(x) prime?
False
Suppose 0 = -m + 23*m + 96847 - 4269873. Is m a composite number?
True
Let n(u) = 3*u + 7. Let o = -51 + 79. Suppose 3*h + 2*a - 42 = o, -3*a = 5*h - 115. Is n(h) a composite number?
False
Let x = 44918 + 34475. Is x prime?
True
Let u(y) = -1701*y + 829. Is u(-8) a composite number?
False
Suppose 2*m + 3*m - 5*q - 263035 = 0, -3*m + 4*q + 157815 = 0. Is m prime?
False
Let l = 5186 - 3513. Let b = l - -356. Is b prime?
True
Suppose -7*m + 274575 = -193788. Is m prime?
False
Suppose p - 7*p + 132816 = 25470. Is p composite?
False
Let y = -42 - -44. Suppose -2*o = 4, y*n + 0*o = o + 6. Suppose 3*l = -3*q + 258, n*l - q - 147 - 34 = 0. Is l a composite number?
False
Let d(z) = 9*z**2 - 5*z - 27. Let c(w) = -w**2 - 18*w - 22. Let u = 34 - 51. Let j be c(u). Is d(j) composite?
False
Let r be 9/(-1) - (51 - 64). Let g(u) = -25*u**3 + 5*u**2 - 4*u - 5. Let l be g(-4). Suppose -l = 3*j - r*j. Is j a composite number?
True
Let r(s) be the second derivative of 1/2*s**4 - 11/2*s**2 - 3/10*s**5 + 2/3*s**3 - 36*s + 0. Is r(-5) a prime number?
False
Let l = 7 + 22. Let d = l - 38. Let x(u) = 11*u**2 - 9*u - 5. Is x(d) composite?
False
Let g = -102021 + 177364. Is g a composite number?
True
Let k(y) = -5*y**2 + 39*y + 173. Let h(p) = p**2 + 1. Let q(j) = 4*h(j) + k(j). Is q(37) a prime number?
True
Suppose 5*o + 3*m = 3*o + 222395, 0 = -4*o + 2*m + 444734. Is o prime?
True
Let r = -2205 + 105. Let u = -1259 - r. Let y = u - -1208. Is y composite?
True
Let l = -1710 - -3999. Let v = -180 + 182. Suppose -x + l = v*x. Is x a prime number?
False
Let n be -16 - 0 - -1 - 50/25. Let z(s) = 6*s**2 + 49*s + 24. Let j(v) = -18*v**2 - 146*v - 72. Let d(p) = n*z(p) - 6*j(p). Is d(-13) composite?
False
Let r = 163147 + -115130. Is r composite?
False
Suppose 0 = -2*b - f - 99 - 168, 413 = -3*b - 4*f. Let q = 166 + b. Is q a composite number?
True
Let x = -273734 + 708717. Is x a prime number?
False
Is (-8)/(-120) - 